{"id":330,"date":"2021-03-31T17:07:34","date_gmt":"2021-03-31T17:07:34","guid":{"rendered":"https:\/\/rosalia.araneira.es\/?page_id=330"},"modified":"2022-03-17T09:50:07","modified_gmt":"2022-03-17T09:50:07","slug":"politica-privacidad-redes-sociales","status":"publish","type":"page","link":"https:\/\/www.hotelrosalia.es\/index.php\/politica-privacidad-redes-sociales\/","title":{"rendered":"Pol\u00edtica de Privacidad Redes Sociales"},"content":{"rendered":"<p>[et_pb_section fb_built=\u00bb1&#8243; admin_label=\u00bbPol\u00edtica de Privacidad Redes Sociales-CABECERA\u00bb _builder_version=\u00bb4.7.4&#8243; use_background_color_gradient=\u00bbon\u00bb background_color_gradient_start=\u00bbrgba(255,255,255,0.89)\u00bb background_color_gradient_end=\u00bbrgba(255,255,255,0)\u00bb background_color_gradient_type=\u00bbradial\u00bb background_color_gradient_direction_radial=\u00bbtop left\u00bb background_color_gradient_start_position=\u00bb30%\u00bb background_color_gradient_end_position=\u00bb80%\u00bb background_color_gradient_overlays_image=\u00bbon\u00bb background_image=\u00bbhttps:\/\/www.hotelrosalia.es\/wp-content\/uploads\/2021\/03\/hotel_grabado.jpg\u00bb custom_margin=\u00bb|||\u00bb custom_padding=\u00bb8vw||8vw||true\u00bb][et_pb_row _builder_version=\u00bb3.25&#8243;][et_pb_column type=\u00bb4_4&#8243; _builder_version=\u00bb3.25&#8243; custom_padding=\u00bb|||\u00bb custom_padding__hover=\u00bb|||\u00bb][et_pb_text _builder_version=\u00bb4.7.4&#8243; text_font=\u00bb||||||||\u00bb header_font=\u00bbRaleway|700|||||||\u00bb header_font_size=\u00bb80px\u00bb header_line_height=\u00bb1.2em\u00bb header_5_font=\u00bbRaleway|700||on|||||\u00bb header_5_text_color=\u00bb#000000&#8243; header_5_font_size=\u00bb20px\u00bb header_5_letter_spacing=\u00bb0.5em\u00bb header_5_line_height=\u00bb1.8em\u00bb animation_style=\u00bbzoom\u00bb animation_intensity_zoom=\u00bb5%\u00bb header_font_size_tablet=\u00bb48px\u00bb header_font_size_phone=\u00bb32px\u00bb header_font_size_last_edited=\u00bbon|phone\u00bb header_5_font_size_tablet=\u00bb14px\u00bb header_5_font_size_phone=\u00bb12px\u00bb header_5_font_size_last_edited=\u00bbon|desktop\u00bb]<\/p>\n<h5>HOTEL ROSAL\u00cdA<\/h5>\n<h1>Pol\u00edtica de Privacidad de Redes Sociales<\/h1>\n<p>[\/et_pb_text][\/et_pb_column][\/et_pb_row][\/et_pb_section][et_pb_section fb_built=\u00bb1&#8243; fullwidth=\u00bbon\u00bb _builder_version=\u00bb4.7.4&#8243; _module_preset=\u00bbdefault\u00bb top_divider_color=\u00bb#d3ba68&#8243; top_divider_flip=\u00bbvertical\u00bb bottom_divider_style=\u00bbslant\u00bb bottom_divider_color=\u00bb#2e3eaa\u00bb][et_pb_fullwidth_header title=\u00bbPOL\u00cdTICA DE PRIVACIDAD DE REDES SOCIALES\u00bb _builder_version=\u00bb4.7.4&#8243; _module_preset=\u00bbdefault\u00bb title_font=\u00bbRaleway|600|||||||\u00bb title_text_color=\u00bb#d3ba68&#8243; title_font_size=\u00bb35px\u00bb content_text_color=\u00bb#1a2daa\u00bb background_color=\u00bb#ffffff\u00bb custom_padding=\u00bb2px||79px|||\u00bb]<\/p>\n<p style=\"text-align: justify;\">En cumplimiento de la normativa vigente y aplicable en Protecci\u00f3n de Datos de Car\u00e1cter Personal (RGPD) y la Ley 34\/2002, de 11 de julio, de Servicios de la Sociedad de la Informaci\u00f3n y de Comercio Electr\u00f3nico (LSSI-CE), <strong>RESTAURACION DO SAR S.L.<\/strong> informa a los usuarios, que ha procedido a crear un perfil en las Redes Sociales Facebook, Instagram y Twitter con la finalidad principal de publicitar sus productos y servicios.<\/p>\n<p style=\"text-align: justify;\">Datos de <strong>RESTAURACION DO SAR S.L.<\/strong>:<\/p>\n<ul style=\"text-align: justify;\">\n<li>CIF: <strong>B70032560<\/strong><\/li>\n<li>DIRECCIO\u0301N: <strong>RUA MARUXA VILLANUEVA S\/N 15900\u00a0 PADR\u00d3N<\/strong><\/li>\n<li>CORREO ELECTR\u00d3NICO:\u00a0<strong>info@hotelrosalia.es<\/strong><\/li>\n<li>DOMINIO WEB:<a href=\"https:\/\/www.hotelrosalia.es\">\u00a0<strong>https:\/\/www.hotelrosalia.es \u00a0<\/strong><\/a><\/li>\n<\/ul>\n<p style=\"text-align: justify;\">El usuario dispone de un perfil en la misma Red Social y ha decidido unirse a la p\u00e1gina creada por <strong>RESTAURACION DO SAR S.L.<\/strong>, mostrando as\u00ed inter\u00e9s en la informaci\u00f3n que se publicite en la Red. Al unirse a nuestra p\u00e1gina, nos facilita su consentimiento para el tratamiento de aquellos datos personales publicados en su perfil.<\/p>\n<p style=\"text-align: justify;\">El usuario puede acceder en todo momento a las pol\u00edticas de privacidad de la propia Red Social, as\u00ed como configurar su perfil para garantizar su privacidad.<\/p>\n<p style=\"text-align: justify;\"><strong>RESTAURACION DO SAR S.L.<\/strong> tiene acceso y trata aquella informaci\u00f3n p\u00fablica del usuario, en especial, su nombre de contacto. Estos datos, s\u00f3lo son utilizados dentro de la propia Red Social. No son incorporados a ning\u00fan sistema de tratamiento.<\/p>\n<p style=\"text-align: justify;\"><strong><u>Datos de menores de edad o incapaces<\/u><\/strong><\/p>\n<p>El acceso y registro en esta red social est\u00e1 prohibido a los menores de catorce (14) a\u00f1os, de forma que igualmente queda prohibido el acceso y uso de los menores de catorce (14 a\u00f1os) a la p\u00e1gina oficial de\u00a0<strong>RESTAURACION DO SAR S.L.<\/strong> <strong>\u00a0<\/strong>en la misma. Por su parte, si el usuario es incapaz,\u00a0<strong>RESTAURACION DO SAR S.L.<\/strong><strong>\u00a0<\/strong>advierte que ser\u00e1 necesaria la asistencia consentida del titular de la patria potestad o tutela del usuario o su representante legal para el acceso y uso de esta p\u00e1gina oficial <strong>RESTAURACION DO SAR S.L.<\/strong> .\u00a0<strong>RESTAURACION DO SAR S.L.<\/strong><strong>\u00a0<\/strong>quedar\u00e1 expresamente exonerada de cualquier responsabilidad que pudiera derivarse del uso de su p\u00e1gina oficial por menores e incapaces siendo dicha responsabilidad de sus representantes legales en cada caso.<\/p>\n<p style=\"text-align: justify;\">En relaci\u00f3n a los derechos de acceso, rectificaci\u00f3n, limitaci\u00f3n de tratamiento, supresi\u00f3n, portabilidad y oposici\u00f3n al tratamiento de sus datos de car\u00e1cter personal de los que usted dispone y que pueden ser ejercitados ante <strong>RESTAURACION DO SAR S.L.<\/strong>, de acuerdo con la RGPD, debe tener en cuenta los siguientes matices:<\/p>\n<ul style=\"text-align: justify;\">\n<li>Derecho de Acceso: Es el derecho del usuario a obtener informaci\u00f3n sobre sus datos concretos de car\u00e1cter personal y del tratamiento que se haya realizado o realice, as\u00ed como de la informaci\u00f3n disponible sobre el origen de dichos datos y las comunicaciones realizadas o previstas de los mismos.<\/li>\n<li>Derecho de Rectificaci\u00f3n: Es el derecho del afectado a que se modifiquen los datos que resulten ser inexactos o incompletos. S\u00f3lo podr\u00e1 satisfacerse en relaci\u00f3n a aquella informaci\u00f3n que se encuentre bajo el control de <strong>RESTAURACION DO SAR S.L.<\/strong>, por ejemplo, eliminar comentarios publicados en la propia p\u00e1gina, im\u00e1genes o contenidos web donde consten datos de car\u00e1cter personal del usuario.<\/li>\n<li>Derecho a la Limitaci\u00f3n de tratamiento: Es el derecho a que se limiten los fines del tratamiento previstos de forma original por el responsable del tratamiento.<\/li>\n<li>Derecho de Supresi\u00f3n: Es el derecho a suprimir los datos de car\u00e1cter personal del usuario, a excepci\u00f3n de lo previsto en el propio RGPD o en otras normativas aplicables que determinen la obligatoriedad de la conservaci\u00f3n de los mismos, en tiempo y forma.<\/li>\n<li>Derecho de portabilidad: El derecho a recibir los datos personales que el usuario, haya facilitado, en un formato estructurado, de uso com\u00fan y lectura mec\u00e1nica, y a transmitirlos a otro responsable.<\/li>\n<li>Derecho de Oposici\u00f3n: Es el derecho del usuario a que no se lleve a cabo el tratamiento de sus datos de car\u00e1cter personal o se cese el tratamiento de los mismos por parte de <strong>RESTAURACION DO SAR S.L.<\/strong>.<\/li>\n<\/ul>\n<p style=\"text-align: justify;\"><strong>RESTAURACION DO SAR S.L.<\/strong> \u00a0realizar\u00e1 las siguientes actuaciones:<\/p>\n<ul style=\"text-align: justify;\">\n<li>Acceso a la informaci\u00f3n p\u00fablica del perfil.<\/li>\n<li>Publicaci\u00f3n en el perfil del usuario de toda aquella informaci\u00f3n ya publicada en la p\u00e1gina de <strong>RESTAURACION DO SAR S.L.<\/strong>.<\/li>\n<li>Enviar mensajes personales e individuales a trav\u00e9s de los canales de la Red Social.<\/li>\n<li>Actualizaciones del estado de la p\u00e1gina que se publicar\u00e1n en el perfil del usuario.<\/li>\n<\/ul>\n<p style=\"text-align: justify;\">El usuario siempre puede controlar sus conexiones, eliminar los contenidos que dejen de interesarle y restringir con qui\u00e9n comparte sus conexiones, para ello deber\u00e1 acceder a su configuraci\u00f3n de privacidad.<\/p>\n<p style=\"text-align: justify;\"><strong>Publicaciones<\/strong><\/p>\n<p style=\"text-align: justify;\">El usuario, una vez unido a la p\u00e1gina de <strong>RESTAURACION DO SAR S.L.<\/strong>, podr\u00e1 publicar en \u00e9sta u\u0301ltima comentarios, enlaces, im\u00e1genes o fotografi\u0301as o cualquier otro tipo de contenido multimedia soportado por la Red Social. El usuario, en todos los casos, debe ser el titular de los mismos, gozar de los derechos de autor y de propiedad intelectual o contar con el consentimiento de los terceros afectados. Se proh\u00edbe expresamente cualquier publicaci\u00f3n en la p\u00e1gina, ya sean textos, gr\u00e1ficos, fotografi\u0301as, v\u00eddeos, etc. que atenten o sean susceptibles de atentar contra la moral, la \u00e9tica, el buen gusto o el decoro, y\/o que infrinjan, violen o quebranten los derechos de propiedad intelectual o industrial, el derecho a la imagen o la Ley. En estos casos, <strong>RESTAURACION DO SAR S.L.<\/strong> se reserva el derecho a retirar de inmediato el contenido, pudiendo solicitar el bloqueo permanente del usuario.<\/p>\n<p style=\"text-align: justify;\"><strong>RESTAURACION DO SAR S.L.<\/strong> no se har\u00e1 responsable de los contenidos que libremente ha publicado un usuario.<\/p>\n<p style=\"text-align: justify;\">El usuario debe tener presente que sus publicaciones ser\u00e1n conocidas por los otros usuarios, por lo que \u00e9l mismo es el principal responsable de su privacidad.<\/p>\n<p style=\"text-align: justify;\">Las im\u00e1genes que puedan publicarse en la p\u00e1gina no ser\u00e1n almacenadas en ning\u00fan sistema de tratamiento por parte de <strong>RESTAURACION DO SAR S.L.<\/strong>, pero s\u00ed que permanecera\u0301n en la Red Social.<\/p>\n<p style=\"text-align: justify;\"><strong>Concursos y promociones<\/strong><\/p>\n<p style=\"text-align: justify;\"><strong>RESTAURACION DO SAR S.L.<\/strong> se reserva el derecho a realizar concursos y promociones, en los que podr\u00e1 participar el usuario unido a su p\u00e1gina. Las bases de cada uno de ellos, cuando se utilice para ello la plataforma de la Red Social, ser\u00e1n publicadas en la misma. Cumpliendo siempre con la LSSI-CE y con cualquier otra norma que le sea de aplicaci\u00f3n.<\/p>\n<p style=\"text-align: justify;\">La Red Social no patrocina, avala ni administra, de modo alguno, ninguna de nuestras promociones, ni est\u00e1 asociada a ninguna de ellas.<\/p>\n<p style=\"text-align: justify;\"><strong>Publicidad<\/strong><\/p>\n<p style=\"text-align: justify;\"><strong>RESTAURACION DO SAR S.L.<\/strong> utilizar\u00e1 la Red Social para publicitar sus productos y servicios, en todo caso, si decide tratar sus datos de contacto para realizar acciones directas de prospecci\u00f3n comercial, ser\u00e1 siempre, cumpliendo con las exigencias legales de la RGPD y de la LSSI-CE.<\/p>\n<p style=\"text-align: justify;\">No se considerara\u0301 publicidad el hecho de recomendar a otros usuarios la p\u00e1gina de <strong>RESTAURACION DO SAR S.L.<\/strong> para que tambi\u00e9n ellos puedan disfrutar de las promociones o estar informados de su actividad.<\/p>\n<p style=\"text-align: justify;\">A continuaci\u00f3n detallamos el enlace a la pol\u00edtica de privacidad de la Red Social:<\/p>\n<ul style=\"text-align: justify;\">\n<li>Facebook:\u00a0<a href=\"https:\/\/www.facebook.com\/help\/323540651073243\/\">https:\/\/www.facebook.com\/help\/323540651073243\/<\/a><\/li>\n<li>Twitter:\u00a0<a href=\"https:\/\/twitter.com\/privacy\">https:\/\/twitter.com\/privacy<\/a><\/li>\n<li>Instagram:\u00a0<a href=\"https:\/\/help.instagram.com\/581066165581870\">https:\/\/help.instagram.com\/581066165581870<\/a><\/li>\n<\/ul>\n<p style=\"text-align: justify;\">[\/et_pb_fullwidth_header][\/et_pb_section]<\/p>\n","protected":false},"excerpt":{"rendered":"<p>[et_pb_section fb_built=\u00bb1&#8243; admin_label=\u00bbPol\u00edtica de Privacidad Redes Sociales-CABECERA\u00bb _builder_version=\u00bb4.7.4&#8243; use_background_color_gradient=\u00bbon\u00bb background_color_gradient_start=\u00bbrgba(255,255,255,0.89)\u00bb background_color_gradient_end=\u00bbrgba(255,255,255,0)\u00bb background_color_gradient_type=\u00bbradial\u00bb background_color_gradient_direction_radial=\u00bbtop left\u00bb background_color_gradient_start_position=\u00bb30%\u00bb background_color_gradient_end_position=\u00bb80%\u00bb background_color_gradient_overlays_image=\u00bbon\u00bb background_image=\u00bbhttps:\/\/www.hotelrosalia.es\/wp-content\/uploads\/2021\/03\/hotel_grabado.jpg\u00bb custom_margin=\u00bb|||\u00bb custom_padding=\u00bb8vw||8vw||true\u00bb][et_pb_row _builder_version=\u00bb3.25&#8243;][et_pb_column type=\u00bb4_4&#8243; _builder_version=\u00bb3.25&#8243; custom_padding=\u00bb|||\u00bb custom_padding__hover=\u00bb|||\u00bb][et_pb_text _builder_version=\u00bb4.7.4&#8243; text_font=\u00bb||||||||\u00bb header_font=\u00bbRaleway|700|||||||\u00bb header_font_size=\u00bb80px\u00bb header_line_height=\u00bb1.2em\u00bb header_5_font=\u00bbRaleway|700||on|||||\u00bb header_5_text_color=\u00bb#000000&#8243; header_5_font_size=\u00bb20px\u00bb header_5_letter_spacing=\u00bb0.5em\u00bb header_5_line_height=\u00bb1.8em\u00bb animation_style=\u00bbzoom\u00bb animation_intensity_zoom=\u00bb5%\u00bb header_font_size_tablet=\u00bb48px\u00bb header_font_size_phone=\u00bb32px\u00bb header_font_size_last_edited=\u00bbon|phone\u00bb header_5_font_size_tablet=\u00bb14px\u00bb header_5_font_size_phone=\u00bb12px\u00bb header_5_font_size_last_edited=\u00bbon|desktop\u00bb] HOTEL ROSAL\u00cdA Pol\u00edtica de Privacidad de Redes Sociales [\/et_pb_text][\/et_pb_column][\/et_pb_row][\/et_pb_section][et_pb_section fb_built=\u00bb1&#8243; fullwidth=\u00bbon\u00bb _builder_version=\u00bb4.7.4&#8243; [&hellip;]<\/p>\n","protected":false},"author":2,"featured_media":0,"parent":0,"menu_order":0,"comment_status":"closed","ping_status":"closed","template":"","meta":{"_et_pb_use_builder":"on","_et_pb_old_content":"","_et_gb_content_width":"","footnotes":""},"class_list":["post-330","page","type-page","status-publish","hentry"],"_links":{"self":[{"href":"https:\/\/www.hotelrosalia.es\/index.php\/wp-json\/wp\/v2\/pages\/330","targetHints":{"allow":["GET"]}}],"collection":[{"href":"https:\/\/www.hotelrosalia.es\/index.php\/wp-json\/wp\/v2\/pages"}],"about":[{"href":"https:\/\/www.hotelrosalia.es\/index.php\/wp-json\/wp\/v2\/types\/page"}],"author":[{"embeddable":true,"href":"https:\/\/www.hotelrosalia.es\/index.php\/wp-json\/wp\/v2\/users\/2"}],"replies":[{"embeddable":true,"href":"https:\/\/www.hotelrosalia.es\/index.php\/wp-json\/wp\/v2\/comments?post=330"}],"version-history":[{"count":4,"href":"https:\/\/www.hotelrosalia.es\/index.php\/wp-json\/wp\/v2\/pages\/330\/revisions"}],"predecessor-version":[{"id":337,"href":"https:\/\/www.hotelrosalia.es\/index.php\/wp-json\/wp\/v2\/pages\/330\/revisions\/337"}],"wp:attachment":[{"href":"https:\/\/www.hotelrosalia.es\/index.php\/wp-json\/wp\/v2\/media?parent=330"}],"curies":[{"name":"wp","href":"https:\/\/api.w.org\/{rel}","templated":true}]}}